{"id":458,"date":"2021-08-03T13:17:37","date_gmt":"2021-08-03T16:17:37","guid":{"rendered":"https:\/\/papelmadeira.com.br\/?post_type=product&#038;p=458"},"modified":"2022-04-20T15:03:58","modified_gmt":"2022-04-20T18:03:58","slug":"brinco-semente-de-magnolia-sem-par","status":"publish","type":"product","link":"https:\/\/papelmadeira.com.br\/?product=brinco-semente-de-magnolia-sem-par","title":{"rendered":"Brinco Semente de Magn\u00f3lia \u2013 Sem Par"},"content":{"rendered":"<p>Brinco de revista em tons esverdeados e marrons com mi\u00e7anga e o detalhe da ponta \u00e9 uma semente da \u00e1rvore Magn\u00f3lia Amarela.<\/p>\n","protected":false},"excerpt":{"rendered":"<p>Brinco de revista em tons esverdeados e marrons com mi\u00e7anga e o detalhe da ponta \u00e9 uma semente da \u00e1rvore Magn\u00f3lia Amarela.<\/p>\n","protected":false},"featured_media":446,"comment_status":"open","ping_status":"closed","template":"","meta":[],"product_cat":[21],"product_tag":[20],"aioseo_notices":[],"_links":{"self":[{"href":"https:\/\/papelmadeira.com.br\/index.php?rest_route=\/wp\/v2\/product\/458"}],"collection":[{"href":"https:\/\/papelmadeira.com.br\/index.php?rest_route=\/wp\/v2\/product"}],"about":[{"href":"https:\/\/papelmadeira.com.br\/index.php?rest_route=\/wp\/v2\/types\/product"}],"replies":[{"embeddable":true,"href":"https:\/\/papelmadeira.com.br\/index.php?rest_route=%2Fwp%2Fv2%2Fcomments&post=458"}],"wp:featuredmedia":[{"embeddable":true,"href":"https:\/\/papelmadeira.com.br\/index.php?rest_route=\/wp\/v2\/media\/446"}],"wp:attachment":[{"href":"https:\/\/papelmadeira.com.br\/index.php?rest_route=%2Fwp%2Fv2%2Fmedia&parent=458"}],"wp:term":[{"taxonomy":"product_cat","embeddable":true,"href":"https:\/\/papelmadeira.com.br\/index.php?rest_route=%2Fwp%2Fv2%2Fproduct_cat&post=458"},{"taxonomy":"product_tag","embeddable":true,"href":"https:\/\/papelmadeira.com.br\/index.php?rest_route=%2Fwp%2Fv2%2Fproduct_tag&post=458"}],"curies":[{"name":"wp","href":"https:\/\/api.w.org\/{rel}","templated":true}]}}