{"id":473,"date":"2021-08-03T13:34:04","date_gmt":"2021-08-03T16:34:04","guid":{"rendered":"https:\/\/papelmadeira.com.br\/?post_type=product&#038;p=473"},"modified":"2021-12-26T23:44:47","modified_gmt":"2021-12-27T02:44:47","slug":"brinco-rosa-acai","status":"publish","type":"product","link":"https:\/\/papelmadeira.com.br\/?product=brinco-rosa-acai","title":{"rendered":"Brinco Rosa A\u00e7a\u00ed"},"content":{"rendered":"<p>Brinco de revista rosa feito com semente de A\u00e7a\u00ed e coco.<\/p>\n","protected":false},"excerpt":{"rendered":"<p>Brinco de revista rosa feito com semente de A\u00e7a\u00ed e coco.<\/p>\n","protected":false},"featured_media":433,"comment_status":"open","ping_status":"closed","template":"","meta":[],"product_cat":[21],"product_tag":[20],"aioseo_notices":[],"_links":{"self":[{"href":"https:\/\/papelmadeira.com.br\/index.php?rest_route=\/wp\/v2\/product\/473"}],"collection":[{"href":"https:\/\/papelmadeira.com.br\/index.php?rest_route=\/wp\/v2\/product"}],"about":[{"href":"https:\/\/papelmadeira.com.br\/index.php?rest_route=\/wp\/v2\/types\/product"}],"replies":[{"embeddable":true,"href":"https:\/\/papelmadeira.com.br\/index.php?rest_route=%2Fwp%2Fv2%2Fcomments&post=473"}],"wp:featuredmedia":[{"embeddable":true,"href":"https:\/\/papelmadeira.com.br\/index.php?rest_route=\/wp\/v2\/media\/433"}],"wp:attachment":[{"href":"https:\/\/papelmadeira.com.br\/index.php?rest_route=%2Fwp%2Fv2%2Fmedia&parent=473"}],"wp:term":[{"taxonomy":"product_cat","embeddable":true,"href":"https:\/\/papelmadeira.com.br\/index.php?rest_route=%2Fwp%2Fv2%2Fproduct_cat&post=473"},{"taxonomy":"product_tag","embeddable":true,"href":"https:\/\/papelmadeira.com.br\/index.php?rest_route=%2Fwp%2Fv2%2Fproduct_tag&post=473"}],"curies":[{"name":"wp","href":"https:\/\/api.w.org\/{rel}","templated":true}]}}