{"id":499,"date":"2021-08-16T09:56:39","date_gmt":"2021-08-16T12:56:39","guid":{"rendered":"https:\/\/papelmadeira.com.br\/?post_type=product&#038;p=499"},"modified":"2021-12-11T07:04:33","modified_gmt":"2021-12-11T10:04:33","slug":"medalhao-de-parede-tronco-de-mangueira-e-cristais-de-ametista","status":"publish","type":"product","link":"https:\/\/papelmadeira.com.br\/?product=medalhao-de-parede-tronco-de-mangueira-e-cristais-de-ametista","title":{"rendered":"Medalh\u00e3o de Parede \u2013 Tronco de Mangueira e Cristais de Ametista"},"content":{"rendered":"<p>Medalh\u00e3o de parede feito no tronco de mangueira, com cruz de ametista e contorno de cristais variados.<\/p>\n<p>Artes\u00e3 Josi Costa.<\/p>\n<p>&nbsp;<\/p>\n<p>Aten\u00e7\u00e3o taxa de envio \u00e9 diferenciada para essas pe\u00e7as decorativas que costumam ser grandes e mais pesadas. Assim, a taxa de envio de 25,00 reais n\u00e3o se aplica nesses casos e o valor deve ser combinado entrando em contato com a gente. Agradecemos a compreens\u00e3o de voc\u00eas!<\/p>\n","protected":false},"excerpt":{"rendered":"<p>Medalh\u00e3o de parede feito no tronco de mangueira, com cruz de ametista e contorno de cristais variados.<\/p>\n<p>Artes\u00e3 Josi Costa.<\/p>\n<p>Aten\u00e7\u00e3o taxa de envio \u00e9 diferenciada para essas pe\u00e7as decorativas que costumam ser grandes e mais pesadas. Assim, a taxa de envio de 25,00 reais n\u00e3o se aplica nesses casos e o valor deve ser combinado entrando em contato com a gente. Agradecemos a compreens\u00e3o de voc\u00eas!<\/p>\n","protected":false},"featured_media":504,"comment_status":"open","ping_status":"closed","template":"","meta":[],"product_cat":[26],"product_tag":[],"aioseo_notices":[],"_links":{"self":[{"href":"https:\/\/papelmadeira.com.br\/index.php?rest_route=\/wp\/v2\/product\/499"}],"collection":[{"href":"https:\/\/papelmadeira.com.br\/index.php?rest_route=\/wp\/v2\/product"}],"about":[{"href":"https:\/\/papelmadeira.com.br\/index.php?rest_route=\/wp\/v2\/types\/product"}],"replies":[{"embeddable":true,"href":"https:\/\/papelmadeira.com.br\/index.php?rest_route=%2Fwp%2Fv2%2Fcomments&post=499"}],"wp:featuredmedia":[{"embeddable":true,"href":"https:\/\/papelmadeira.com.br\/index.php?rest_route=\/wp\/v2\/media\/504"}],"wp:attachment":[{"href":"https:\/\/papelmadeira.com.br\/index.php?rest_route=%2Fwp%2Fv2%2Fmedia&parent=499"}],"wp:term":[{"taxonomy":"product_cat","embeddable":true,"href":"https:\/\/papelmadeira.com.br\/index.php?rest_route=%2Fwp%2Fv2%2Fproduct_cat&post=499"},{"taxonomy":"product_tag","embeddable":true,"href":"https:\/\/papelmadeira.com.br\/index.php?rest_route=%2Fwp%2Fv2%2Fproduct_tag&post=499"}],"curies":[{"name":"wp","href":"https:\/\/api.w.org\/{rel}","templated":true}]}}