{"id":760,"date":"2022-02-23T19:25:02","date_gmt":"2022-02-23T22:25:02","guid":{"rendered":"https:\/\/papelmadeira.com.br\/?post_type=product&#038;p=760"},"modified":"2022-02-23T19:29:46","modified_gmt":"2022-02-23T22:29:46","slug":"obaluae-chaveiro","status":"publish","type":"product","link":"https:\/\/papelmadeira.com.br\/?product=obaluae-chaveiro","title":{"rendered":"Obalua\u00ea &#8211; Chaveiro"},"content":{"rendered":"<p>Chaveiro de Obalua\u00ea feito no tronco da \u00e1rvore. Pe\u00e7a \u00fanica.<\/p>\n<p>#ancestralidade #familiapreta #ax\u00e9 #obaluae<\/p>\n<p>Artes\u00e3 Josi Costa.<\/p>\n","protected":false},"excerpt":{"rendered":"<p>Chaveiro de Obalua\u00ea feito no tronco da \u00e1rvore. Pe\u00e7a \u00fanica.<\/p>\n<p>#ancestralidade #familiapreta #ax\u00e9 #obaluae<\/p>\n<p>Artes\u00e3 Josi Costa.<\/p>\n","protected":false},"featured_media":761,"comment_status":"open","ping_status":"closed","template":"","meta":[],"product_cat":[35],"product_tag":[],"aioseo_notices":[],"_links":{"self":[{"href":"https:\/\/papelmadeira.com.br\/index.php?rest_route=\/wp\/v2\/product\/760"}],"collection":[{"href":"https:\/\/papelmadeira.com.br\/index.php?rest_route=\/wp\/v2\/product"}],"about":[{"href":"https:\/\/papelmadeira.com.br\/index.php?rest_route=\/wp\/v2\/types\/product"}],"replies":[{"embeddable":true,"href":"https:\/\/papelmadeira.com.br\/index.php?rest_route=%2Fwp%2Fv2%2Fcomments&post=760"}],"wp:featuredmedia":[{"embeddable":true,"href":"https:\/\/papelmadeira.com.br\/index.php?rest_route=\/wp\/v2\/media\/761"}],"wp:attachment":[{"href":"https:\/\/papelmadeira.com.br\/index.php?rest_route=%2Fwp%2Fv2%2Fmedia&parent=760"}],"wp:term":[{"taxonomy":"product_cat","embeddable":true,"href":"https:\/\/papelmadeira.com.br\/index.php?rest_route=%2Fwp%2Fv2%2Fproduct_cat&post=760"},{"taxonomy":"product_tag","embeddable":true,"href":"https:\/\/papelmadeira.com.br\/index.php?rest_route=%2Fwp%2Fv2%2Fproduct_tag&post=760"}],"curies":[{"name":"wp","href":"https:\/\/api.w.org\/{rel}","templated":true}]}}