{"id":765,"date":"2022-03-05T14:23:30","date_gmt":"2022-03-05T17:23:30","guid":{"rendered":"https:\/\/papelmadeira.com.br\/?post_type=product&#038;p=765"},"modified":"2022-03-05T14:36:32","modified_gmt":"2022-03-05T17:36:32","slug":"colar-pedra-vulcanica","status":"publish","type":"product","link":"https:\/\/papelmadeira.com.br\/?product=colar-pedra-vulcanica","title":{"rendered":"Colar Pedra Vulc\u00e2nica"},"content":{"rendered":"<p>Colar Pedra Vulc\u00e2nica Preta esculpida pelo fogo e o mar de Florian\u00f3polis. Presente da natureza!<\/p>\n<p>Pe\u00e7a \u00fanica. Artes\u00e3 Josi Costa.<\/p>\n<p>O processo de forma\u00e7\u00e3o das pedras vulc\u00e2nicas (encontro da lava incandescente com a \u00e1gua do mar e de todos os elementos da natureza) evidencia o poder de cria\u00e7\u00e3o e de restaura\u00e7\u00e3o da natureza, e a partir disso associa-se que elas possuem propriedades relacionadas \u00e0 renova\u00e7\u00e3o e ao contato com o seu eu interior.<\/p>\n","protected":false},"excerpt":{"rendered":"<p>Colar Pedra Vulc\u00e2nica Preta esculpida pelo fogo e o mar de Florian\u00f3polis. Presente da natureza!<\/p>\n<p>Pe\u00e7a \u00fanica. Artes\u00e3 Josi Costa.<\/p>\n<p>O processo de forma\u00e7\u00e3o das pedras vulc\u00e2nicas (encontro da lava incandescente com a \u00e1gua do mar e de todos os elementos da natureza) evidencia o poder de cria\u00e7\u00e3o e de restaura\u00e7\u00e3o da natureza, e a partir disso associa-se que elas possuem propriedades relacionadas \u00e0 renova\u00e7\u00e3o e ao contato com o seu eu interior.<\/p>\n","protected":false},"featured_media":766,"comment_status":"open","ping_status":"closed","template":"","meta":[],"product_cat":[27],"product_tag":[],"aioseo_notices":[],"_links":{"self":[{"href":"https:\/\/papelmadeira.com.br\/index.php?rest_route=\/wp\/v2\/product\/765"}],"collection":[{"href":"https:\/\/papelmadeira.com.br\/index.php?rest_route=\/wp\/v2\/product"}],"about":[{"href":"https:\/\/papelmadeira.com.br\/index.php?rest_route=\/wp\/v2\/types\/product"}],"replies":[{"embeddable":true,"href":"https:\/\/papelmadeira.com.br\/index.php?rest_route=%2Fwp%2Fv2%2Fcomments&post=765"}],"wp:featuredmedia":[{"embeddable":true,"href":"https:\/\/papelmadeira.com.br\/index.php?rest_route=\/wp\/v2\/media\/766"}],"wp:attachment":[{"href":"https:\/\/papelmadeira.com.br\/index.php?rest_route=%2Fwp%2Fv2%2Fmedia&parent=765"}],"wp:term":[{"taxonomy":"product_cat","embeddable":true,"href":"https:\/\/papelmadeira.com.br\/index.php?rest_route=%2Fwp%2Fv2%2Fproduct_cat&post=765"},{"taxonomy":"product_tag","embeddable":true,"href":"https:\/\/papelmadeira.com.br\/index.php?rest_route=%2Fwp%2Fv2%2Fproduct_tag&post=765"}],"curies":[{"name":"wp","href":"https:\/\/api.w.org\/{rel}","templated":true}]}}