{"id":773,"date":"2022-03-05T15:10:54","date_gmt":"2022-03-05T18:10:54","guid":{"rendered":"https:\/\/papelmadeira.com.br\/?post_type=product&#038;p=773"},"modified":"2022-12-07T12:15:44","modified_gmt":"2022-12-07T15:15:44","slug":"colar-de-cristal-copia","status":"publish","type":"product","link":"https:\/\/papelmadeira.com.br\/?product=colar-de-cristal-copia","title":{"rendered":"Colar de Castanha com M\u00e3o de Deus"},"content":{"rendered":"<p>Colar com pingente de Castanha, acima do pingente pe\u00e7a da \u00e1rvore M\u00e3o de Deus, mi\u00e7angas de madeira e entremeios de madeira pintada a m\u00e3o.<\/p>\n<p>Pe\u00e7a \u00fanica. Artes\u00e3 Josi Costa.<\/p>\n<p>&nbsp;<\/p>\n","protected":false},"excerpt":{"rendered":"<p>Colar com pingente de Castanha, acima do pingente pe\u00e7a da \u00e1rvore M\u00e3o de Deus, mi\u00e7angas de madeira e entremeios de madeira pintada a m\u00e3o.<\/p>\n<p>Pe\u00e7a \u00fanica. Artes\u00e3 Josi Costa.<\/p>\n<p>&nbsp;<\/p>\n","protected":false},"featured_media":774,"comment_status":"open","ping_status":"closed","template":"","meta":[],"product_cat":[27],"product_tag":[],"aioseo_notices":[],"_links":{"self":[{"href":"https:\/\/papelmadeira.com.br\/index.php?rest_route=\/wp\/v2\/product\/773"}],"collection":[{"href":"https:\/\/papelmadeira.com.br\/index.php?rest_route=\/wp\/v2\/product"}],"about":[{"href":"https:\/\/papelmadeira.com.br\/index.php?rest_route=\/wp\/v2\/types\/product"}],"replies":[{"embeddable":true,"href":"https:\/\/papelmadeira.com.br\/index.php?rest_route=%2Fwp%2Fv2%2Fcomments&post=773"}],"wp:featuredmedia":[{"embeddable":true,"href":"https:\/\/papelmadeira.com.br\/index.php?rest_route=\/wp\/v2\/media\/774"}],"wp:attachment":[{"href":"https:\/\/papelmadeira.com.br\/index.php?rest_route=%2Fwp%2Fv2%2Fmedia&parent=773"}],"wp:term":[{"taxonomy":"product_cat","embeddable":true,"href":"https:\/\/papelmadeira.com.br\/index.php?rest_route=%2Fwp%2Fv2%2Fproduct_cat&post=773"},{"taxonomy":"product_tag","embeddable":true,"href":"https:\/\/papelmadeira.com.br\/index.php?rest_route=%2Fwp%2Fv2%2Fproduct_tag&post=773"}],"curies":[{"name":"wp","href":"https:\/\/api.w.org\/{rel}","templated":true}]}}