{"id":87,"date":"2019-10-16T09:38:11","date_gmt":"2019-10-16T12:38:11","guid":{"rendered":"https:\/\/bridge267.qodeinteractive.com\/?post_type=product&#038;p=87"},"modified":"2021-11-06T06:59:17","modified_gmt":"2021-11-06T09:59:17","slug":"ceramic-bowl","status":"publish","type":"product","link":"https:\/\/papelmadeira.com.br\/?product=ceramic-bowl","title":{"rendered":"Ter\u00e7o S\u00e3o Francisco de Assis"},"content":{"rendered":"<p>Ter\u00e7o S\u00e3o Francisco de Assis com pingente em metal e com mi\u00e7angas azuis de pl\u00e1stico.<\/p>\n","protected":false},"excerpt":{"rendered":"<p>Ter\u00e7o S\u00e3o Francisco de Assis com pingente em metal e com mi\u00e7angas azuis de pl\u00e1stico.<\/p>\n","protected":false},"featured_media":398,"comment_status":"open","ping_status":"closed","template":"","meta":[],"product_cat":[23],"product_tag":[20],"aioseo_notices":[],"_links":{"self":[{"href":"https:\/\/papelmadeira.com.br\/index.php?rest_route=\/wp\/v2\/product\/87"}],"collection":[{"href":"https:\/\/papelmadeira.com.br\/index.php?rest_route=\/wp\/v2\/product"}],"about":[{"href":"https:\/\/papelmadeira.com.br\/index.php?rest_route=\/wp\/v2\/types\/product"}],"replies":[{"embeddable":true,"href":"https:\/\/papelmadeira.com.br\/index.php?rest_route=%2Fwp%2Fv2%2Fcomments&post=87"}],"wp:featuredmedia":[{"embeddable":true,"href":"https:\/\/papelmadeira.com.br\/index.php?rest_route=\/wp\/v2\/media\/398"}],"wp:attachment":[{"href":"https:\/\/papelmadeira.com.br\/index.php?rest_route=%2Fwp%2Fv2%2Fmedia&parent=87"}],"wp:term":[{"taxonomy":"product_cat","embeddable":true,"href":"https:\/\/papelmadeira.com.br\/index.php?rest_route=%2Fwp%2Fv2%2Fproduct_cat&post=87"},{"taxonomy":"product_tag","embeddable":true,"href":"https:\/\/papelmadeira.com.br\/index.php?rest_route=%2Fwp%2Fv2%2Fproduct_tag&post=87"}],"curies":[{"name":"wp","href":"https:\/\/api.w.org\/{rel}","templated":true}]}}